er when 145 is divided by 88.
57
Calculate the remainder when 730 is divided by 61.
59
Calculate the remainder when 215 is divided by 110.
105
What is the remainder when 233 is divided by 69?
26
Calculate the remainder when 665 is divided by 76.
57
Calculate the remainder when 119 is divided by 31.
26
Calculate the remainder when 933 is divided by 55.
53
What is the remainder when 1381 is divided by 122?
39
What is the remainder when 112 is divided by 47?
18
What is the remainder when 337 is divided by 18?
13
Calculate the remainder when 333 is divided by 77.
25
What is the remainder when 98 is divided by 20?
18
What is the remainder when 832 is divided by 141?
127
What is the remainder when 218 is divided by 57?
47
What is the remainder when 267 is divided by 5?
2
Calculate the remainder when 70 is divided by 24.
22
What is the remainder when 123 is divided by 64?
59
Calculate the remainder when 166 is divided by 45.
31
What is the remainder when 870 is divided by 22?
12
Calculate the remainder when 1561 is divided by 11.
10
Calculate the remainder when 616 is divided by 56.
0
What is the remainder when 115 is divided by 10?
5
Calculate the remainder when 1748 is divided by 437.
0
Calculate the remainder when 332 is divided by 56.
52
Calculate the remainder when 1405 is divided by 88.
85
What is the remainder when 24417 is divided by 220?
217
Calculate the remainder when 338 is divided by 169.
0
What is the remainder when 1775 is divided by 11?
4
Calculate the remainder when 1134 is divided by 26.
16
What is the remainder when 1382 is divided by 8?
6
Calculate the remainder when 3156 is divided by 523.
18
Calculate the remainder when 225 is divided by 82.
61
What is the remainder when 322 is divided by 58?
32
Calculate the remainder when 179 is divided by 61.
57
What is the remainder when 134 is divided by 39?
17
What is the remainder when 6407 is divided by 169?
154
What is the remainder when 2175 is divided by 1081?
13
What is the remainder when 103 is divided by 35?
33
Calculate the remainder when 748 is divided by 744.
4
Calculate the remainder when 303 is divided by 67.
35
Calculate the remainder when 489 is divided by 35.
34
Calculate the remainder when 74 is divided by 5.
4
Calculate the remainder when 438 is divided by 11.
9
Calculate the remainder when 76 is divided by 22.
10
Calculate the remainder when 311 is divided by 24.
23
Calculate the remainder when 1965 is divided by 4.
1
What is the remainder when 172 is divided by 23?
11
What is the remainder when 318 is divided by 35?
3
What is the remainder when 254 is divided by 16?
14
What is the remainder when 590 is divided by 292?
6
What is the remainder when 448 is divided by 30?
28
Calculate the remainder when 466 is divided by 6.
4
Calculate the remainder when 83 is divided by 15.
8
What is the remainder when 202 is divided by 35?
27
Calculate the remainder when 116 is divided by 36.
8
Calculate the remainder when 558 is divided by 249.
60
What is the remainder when 1218 is divided by 135?
3
Calculate the remainder when 127 is divided by 94.
33
Calculate the remainder when 28111 is divided by 16.
15
Calculate the remainder when 12115 is divided by 7.
5
What is the remainder when 145 is divided by 49?
47
Calculate the remainder when 1129 is divided by 52.
37
What is the remainder when 366 is divided by 356?
10
Calculate the remainder when 324 is divided by 41.
37
Calculate the remainder when 251 is divided by 64.
59
What is the remainder when 5158 is divided by 89?
85
Calculate the remainder when 77 is divided by 53.
24
What is the remainder when 244 is divided by 52?
36
What is the remainder when 922 is divided by 25?
22
What is the remainder when 73 is divided by 47?
26
Calculate the remainder when 908 is divided by 149.
14
What is the remainder when 193 is divided by 43?
21
What is the remainder when 549 is divided by 180?
9
Calculate the remainder when 2258 is divided by 13.
9
What is the remainder when 555 is divided by 182?
9
What is the remainder when 732 is divided by 92?
88
Calculate the remainder when 1362 is divided by 24.
18
Calculate the remainder when 760 is divided by 41.
22
What is the remainder when 362 is divided by 159?
44
What is the remainder when 8975 is divided by 8?
7
What is the remainder when 397 is divided by 31?
25
Calculate the remainder when 11153 is divided by 24.
17
Calculate the remainder when 5386 is divided by 245.
241
What is the remainder when 15859 is divided by 244?
243
Calculate the remainder when 1038 is divided by 26.
24
Calculate the remainder when 355 is divided by 120.
115
Calculate the remainder when 82 is divided by 1.
0
Calculate the remainder when 718 is divided by 36.
34
Calculate the remainder when 27 is divided by 17.
10
What is the remainder when 345 is divided by 109?
18
What is the remainder when 4024 is divided by 115?
114
Calculate the remainder when 560 is divided by 193.
174
What is the remainder when 254 is divided by 66?
56
What is the remainder when 1886 is divided by 111?
110
What is the remainder when 61 is divided by 36?
25
What is the remainder when 142 is divided by 16?
14
What is the remainder when 1114 is divided by 124?
122
What is the remainder when 442 is divided by 109?
6
What is the remainder when 49 is divided by 13?
10
What is the remainder when 15 is divided by 12?
3
Calculate the remainder when 3027 is divided by 13.
11
Calculate the remainder when 193 is divided by 52.
37
Calculate the remainder when 858 is divided by 122.
4
Calculate the remainder when 2501 is divided by 6.
5
Calculate the remainder when 172 is divided by 53.
13
Calculate the remainder when 220 is divided by 26.
12
Calculate the remainder when 2143 is divided by 32.
31
Calculate the remainder when 600 is divided by 14.
12
Calculate the remainder when 110 is divided by 63.
47
Calculate the remainder when 228 is divided by 147.
81
What is the remainder when 132 is divided by 9?
6
What is the remainder when 1140 is divided by 226?
10
What is the remainder when 185 is divided by 25?
10
Calculate the remainder when 154 is divided by 57.
40
Calculate the remainder when 104 is divided by 56.
48
What is the remainder when 923 is divided by 62?
55
Calculate the remainder when 146 is divided by 16.
2
Calculate the remainder when 600 is divided by 19.
11
Calculate the remainder when 3853 is divided by 25.
3
Calculate the remainder when 312 is divided by 87.
51
Calculate the remainder when 531 is divided by 20.
11
What is the remainder when 3646 is divided by 47?
27
What is the remainder when 31 is divided by 7?
3
Calculate the remainder when 24296 is divided by 11.
8
What is the remainder when 370 is divided by 122?
4
Calculate the remainder when 2616 is divided by 14.
12
What is the remainder when 553 is divided by 111?
109
Calculate the remainder when 93 is divided by 91.
2
What is the remainder when 501 is divided by 248?
5
What is the remainder when 477 is divided by 100?
77
Calculate the remainder when 481 is divided by 22.
19
Calculate the remainder when 3538 is divided by 12.
10
Calculate the remainder when 2912 is divided by 53.
50
Calculate the remainder when 117 is divided by 19.
3
Calculate the remainder when 830 is divided by 141.
125
What is the remainder when 71 is divided by 26?
19
What is the remainder when 941 is divided by 17?
6
Calculate the remainder when 163 is divided by 47.
22
Calculate the remainder when 182 is divided by 23.
21
What is the remainder when 11626 is divided by 76?
74
Calculate the remainder when 271 is divided by 98.
75
Calculate the remainder when 60 is divided by 51.
9
Calculate the remainder when 586 is divided by 149.
139
Calculate the remainder when 234 is divided by 17.
13
Calculate the remainder when 1591 is divided by 226.
9
Calculate the remainder when 216 is divided by 17.
12
What is the remainder when 135 is divided by 25?
10
Calculate the remainder when 39673 is divided by 345.
343
Calculate the remainder when 1317 is divided by 37.
22
What is the remainder when 125 is divided by 123?
2
What is the remainder when 44 is divided by 8?
4
What is the remainder when 24 is divided by 9?
6
What is the remainder when 115 is divided by 14?
3
What is the remainder when 232 is divided by 79?
74
Calcula